at are the prime factors of k?
2, 3
Let s(w) = w + 4. Let f be s(0). Let n(p) = p - 2. Let t be n(1). Let j = f + t. List the prime factors of j.
3
Suppose 2*f - 13 = -3. Suppose -f*i = -12 + 2. What are the prime factors of i?
2
Let h(r) = r**3 + 6*r**2 - 4*r - 7. List the prime factors of h(-4).
41
Suppose 0*t + 2*t = 5*f + 50, 0 = 5*f - 20. Suppose 43 = 2*i - t. What are the prime factors of i?
3, 13
Let f(t) = t**3 - 14*t**2 + 3*t + 2. What are the prime factors of f(14)?
2, 11
Let q(g) = -g - 8. Let l be q(-5). Let t be (1/l)/(2/18). What are the prime factors of 16 - ((-6)/t + -1)?
3, 5
What are the prime factors of (-217)/(-6) - (-28)/(-168)?
2, 3
Suppose -5*k = -2*q - 1249, 0*k - 257 = -k - 2*q. List the prime factors of k.
251
Let d(r) = 2*r - 3. Suppose -4 + 0 = -w. Let l be d(w). Suppose -4*v - 2*y = -2*v - 24, -5*y + l = 0. List the prime factors of v.
11
Let l be 81/6 - (-5)/10. What are the prime factors of 4/(-14) + 326/l?
23
Suppose 0 = 2*n - 2*q + 4*q - 14, 3*q = 12. Suppose -n*x + 10 = -14. What are the prime factors of x?
2
Let v(k) be the second derivative of 61*k**3/6 - k**2/2 - 2*k. Let o be v(1). Suppose 5*u = 0, 5*l + 8*u = 3*u + o. List the prime factors of l.
2, 3
Let d(q) = -q**3 + 3*q**2 - 2*q - 1. Let a be d(3). Let v(z) = -2 - 9*z - 8 + z**3 + 0 + 6*z**2. What are the prime factors of v(a)?
2
Suppose -4 = -2*r + 2. Let q(c) = 2*c**3 - 2 + 6*c**2 - r*c**3 + 0*c**2 + 2*c. What are the prime factors of q(6)?
2, 5
List the prime factors of (300/(-9))/(2/(-6)).
2, 5
Suppose -16 = -5*v + 4*v. Suppose -48 = v*i - 20*i. What are the prime factors of i?
2, 3
List the prime factors of -4 - 1*(-13 + -4).
13
Suppose 0 = 5*x + 3*o - o - 553, 5*o = -3*x + 347. What are the prime factors of x?
109
What are the prime factors of 8/(-3)*(-693)/42?
2, 11
Suppose 2*x + 13 + 75 = 0. Let d = x + 89. Suppose 0*b - d = -3*b. List the prime factors of b.
3, 5
Suppose 0 = 3*k - 11*k + 592. What are the prime factors of k?
2, 37
Let w(s) = -s**2 + 6*s + 4. Suppose -5*g - 3*l = -9, 3*g + 2*l = l + 7. Let h be w(g). Let r = 26 - h. List the prime factors of r.
13
Suppose -4*x + 148 = -56. List the prime factors of x.
3, 17
Let c(j) = -17*j - 21. What are the prime factors of c(-12)?
3, 61
Let b = -7 + 7. Suppose 3*w = -z + 5 - 0, 3*z - 4*w - 67 = b. What are the prime factors of z?
17
Suppose 7*c - 24 = 53. What are the prime factors of c?
11
Suppose -y - y + l + 67 = 0, 3*y - 98 = l. What are the prime factors of y?
31
Suppose 0 = z + v - 2, -4*z - 2*v + 8 = v. Suppose 3*d + y - 67 = 0, -3*d - z*d + 5*y = -85. What are the prime factors of d?
3, 7
Suppose -3*h + 0*h = -2*b + 114, 0 = -h - 4. What are the prime factors of b?
3, 17
Suppose 16 = 3*i + 5*f - 0*f, -3*i + 4*f - 29 = 0. Let k = i - -7. Suppose -37 = -k*h - 1. What are the prime factors of h?
3
Let l(n) = 0*n**2 + 0*n**2 + 0*n**2 + 3 - n**2 - 6*n. Let c(d) = -6*d**2 + 1. Let u be c(-1). List the prime factors of l(u).
2
Suppose 0 = -4*t - 4 + 16. Suppose 4*f - s - 55 = -17, 20 = t*f - 5*s. What are the prime factors of f?
2, 5
Suppose 2*q - 4*o = 70, 2*q - 4*o = o + 73. List the prime factors of q.
29
Let c(x) be the first derivative of -x**2 - 4*x - 3. What are the prime factors of c(-6)?
2
Suppose 2*u - 30 = -u. Let l = u - 6. What are the prime factors of 2/(-3)*(-54)/l?
3
Let c be ((-4)/3)/(12/(-18)). Suppose 4*g - 4*x - 38 = g, c*g + 13 = -5*x. List the prime factors of g.
2, 3
Suppose 0 = -0*f - 3*f. Suppose -3*b + 10*b = 63. Suppose f = 3*r - b - 36. List the prime factors of r.
3, 5
Let p be 17*1*(6 + -5). Let d = p - 8. Suppose -d = 2*s - 3*s. What are the prime factors of s?
3
Let a be 25 + (2*-3)/2. Suppose -o + 10*b - a = 5*b, o = -4*b + 14. List the prime factors of 9 + 2 + 2 + o.
11
Let q(k) = 9*k + 8. What are the prime factors of q(5)?
53
Let c be ((-3)/1)/((-3)/2). Suppose 5*l - 4*b - 273 = 0, 5*l + c*b + 42 = 303. Let w = l + -38. List the prime factors of w.
3, 5
Suppose -3*d - 6 = 0, 4*t - 2*d - 19 = -t. Let r = 3 + 0. Suppose r*m - 7 = 2*m + s, -5*m = t*s - 75. What are the prime factors of m?
2, 3
Let i = -36 - -54. Suppose -2*a = 2 - i. What are the prime factors of a?
2
Let u = -8 - -5. Let d = u + 6. Suppose -25 = -5*n, -q - 4*n + d*n = -12. List the prime factors of q.
7
Let f = 10 - 14. Let g = 9 + f. Suppose 3*k - 3*w - 48 = 0, -2*w - w = g*k - 48. What are the prime factors of k?
2, 3
Let t(p) = -2*p + 9. Let x be t(6). Let y be (3 - -1) + x + 4. Suppose -7 = y*g - 17. List the prime factors of g.
2
Let n(z) = -z**2 + 8*z + 8. What are the prime factors of n(8)?
2
Let k = 36 - -7. Let q = -22 + k. What are the prime factors of q?
3, 7
Let g(z) = 5*z - 10. What are the prime factors of g(13)?
5, 11
Let c = 7 - 16. Let z = 6 - c. What are the prime factors of z?
3, 5
Suppose 0 = b - 3*a + 11, -3*a = -2 - 13. Suppose b = -3*d + 61. List the prime factors of d.
19
Let q be (-16)/(4 - 0) + -3. Let c = 10 + q. List the prime factors of c.
3
List the prime factors of 331 - (-1 + -24)/5.
2, 3, 7
Let m(f) = f - 1. Suppose -4*t = 2*a, -2*t + 6 = -a - a. Let z be -20*a/(-4)*-1. What are the prime factors of m(z)?
3
Let i(p) = -p**3 + 5*p**2 + 7*p - 3. Let b be i(6). Suppose -4*l = -b*l. List the prime factors of l*1/(-2) + 14.
2, 7
Suppose 4 = 5*j - 3*j. Let m be ((-3)/j)/(9/(-12)). What are the prime factors of (2*9)/m - 2?
7
Let o = 153 - 107. Suppose 0 = 3*c - c - o. Suppose 5*v = -2*q + 57, 0*v + c = 2*v + q. List the prime factors of v.
11
Let m be (60/18)/((-1)/3). What are the prime factors of m/3*15/(-2)?
5
Let d(i) = i**3 + 6*i**2 + 3*i - 5. Let h be d(-5). Let a = -3 + h. Suppose 2*c + 103 = 5*w, -c + 18 = a*w + 4*c. What are the prime factors of w?
19
Suppose 93 + 9 = 2*s. What are the prime factors of s?
3, 17
Suppose 0*g = -3*g. Suppose -4*t = 3*y + 4, -3*t - t - 5*y - 12 = g. What are the prime factors of t?
2
Let m = 5 - 5. Let y = m - -2. List the prime factors of y.
2
Let h = -8 + 24. List the prime factors of h.
2
Suppose -4*i - 24 = -4*t, -3*t + 0*i + 2*i + 14 = 0. List the prime factors of t.
2
Suppose 0 = -b + 5*b + 4, -3*m - 5*b = 143. Let k = 16 + m. What are the prime factors of -4*(k/8 + 2)?
7
Let l(v) = -2*v - 4. Let p be l(-4). Suppose 0 = 5*g + 4*w - 31, -4*g + p*w = w. Suppose 1 = -m + g. What are the prime factors of m?
2
Let p = -38 + 20. Suppose 0 = -3*l + 2 - 32. Let s = l - p. What are the prime factors of s?
2
Let c(j) = j + 4. Suppose 0 = -2*g - g - 5*b + 47, 21 = g + 3*b. List the prime factors of c(g).
13
Let q(m) = 0*m**2 - 5*m**2 + 4*m**2 - m**3 + 2*m**3 - 5*m + 2. Let d be q(3). Suppose 0 = d*x + 2*p - 10, 2 = 4*x + p - 6. List the prime factors of x.
2
Let l(a) = a**3 - a**2 - 8. Let f be l(0). Let o = 6 + -15. What are the prime factors of (18/f)/(o/24)?
2, 3
Suppose 0*v = 3*v + 84. Let z be 16/(-24)*(1 + 5). What are the prime factors of (-175)/v - (-1)/z?
2, 3
List the prime factors of ((-3)/2 + 0)/(6/(-88)).
2, 11
Let h = 2 + -4. List the prime factors of -6*h/4*2.
2, 3
Let w(s) = -3*s + 2. Let x be w(-2). Let u be (x/(-6))/(1/3). Let i = u - -13. List the prime factors of i.
3
Let c(h) = -5*h + 4 - 10*h**2 - h**3 - 9 - 3 - 7*h. List the prime factors of c(-9).
19
Let b(h) = h**3 + 10*h**2 - 12*h + 13. List the prime factors of b(-11).
2, 3
Let b(c) = -c**3 - 7*c**2 + 5*c + 6. What are the prime factors of b(-8)?
2, 3, 5
Let n(i) = -i**3 + 4*i**2 + 3*i - 5. Suppose -3*z + 2 = 32. Let d be 4/2 - z/5. List the prime factors of n(d).
7
Let v(i) = -i**3 - 8*i**2 + i - 12. Let z be v(-11). List the prime factors of (-8)/28 + z/14.
2, 3
Suppose -4*d + 0*l + 77 = 5*l, 0 = 2*d + 4*l - 34. List the prime factors of d/((-18)/(-4) - 4).
2, 23
Suppose -5*t + 5*k = -35, k - 3 = -2*t + t. Suppose 34 = t*z - 4*z. List the prime factors of z.
2, 17
Suppose -w - 4*w + 10 = 0. Suppose 5*j + w*y - 35 = 0, y = -j + 4 - 0. Let v = j + -5. List the prime factors of v.
2
Let g = 13 + 1. What are the prime factors of g?
2, 7
Suppose 3*a + 2*a - 1 = -2*l, -5*l - 3*a = -31. Let t be 2/l - (-15)/4. Suppose -f + 20 = t*f. List the prime factors of f.
2
Let x be 2/3 - 4/6. Suppose x = -4*s, 5*d - 15 = -s + 3*s. Suppose -21 = -3*a - 4*b, -25 = -5*a + d*a + b. What are the prime factors of a?
11
What are the prime factors of 1 + -5 + (62 - 6)?
2